{"id":4714,"date":"2026-02-14T11:04:23","date_gmt":"2026-02-14T14:04:23","guid":{"rendered":"https:\/\/marcai.com.br\/catalogo\/?post_type=product&#038;p=4714"},"modified":"2026-02-14T11:08:05","modified_gmt":"2026-02-14T14:08:05","slug":"canopla","status":"publish","type":"product","link":"https:\/\/marcai.com.br\/catalogo\/produto\/canopla\/","title":{"rendered":"Canopla para Lustre"},"content":{"rendered":"<h3>CANOPLA PARA LUSTRE<\/h3>\n<table data-path-to-node=\"2\">\n<thead>\n<tr>\n<td><strong>C\u00f3digo<\/strong><\/td>\n<td><strong>Descri\u00e7\u00e3o do Produto<\/strong><\/td>\n<td><strong>Cor<\/strong><\/td>\n<td><strong>NCM<\/strong><\/td>\n<td><strong>C\u00f3digo de Barras<\/strong><\/td>\n<\/tr>\n<\/thead>\n<tbody>\n<tr>\n<td><span data-path-to-node=\"2,1,0,0\"><b data-path-to-node=\"2,1,0,0\" data-index-in-node=\"0\">BSB<\/b><\/span><\/td>\n<td><span data-path-to-node=\"2,1,1,0\">Canopla para Lustre e Spot<\/span><\/td>\n<td><span data-path-to-node=\"2,1,2,0\">Branca<\/span><\/td>\n<td><span data-path-to-node=\"2,1,3,0\">9405.19.90<\/span><\/td>\n<td><span data-path-to-node=\"2,1,4,0\">7898112190534<\/span><\/td>\n<\/tr>\n<tr>\n<td><span data-path-to-node=\"2,2,0,0\"><b data-path-to-node=\"2,2,0,0\" data-index-in-node=\"0\">BSP<\/b><\/span><\/td>\n<td><span data-path-to-node=\"2,2,1,0\">Canopla para Lustre e Spot<\/span><\/td>\n<td><span data-path-to-node=\"2,2,2,0\">Preta<\/span><\/td>\n<td><span data-path-to-node=\"2,2,3,0\">9405.19.90<\/span><\/td>\n<td><span data-path-to-node=\"2,2,4,0\">7898112190572<\/span><\/td>\n<\/tr>\n<tr>\n<td><span data-path-to-node=\"2,3,0,0\"><b data-path-to-node=\"2,3,0,0\" data-index-in-node=\"0\">BSC<\/b><\/span><\/td>\n<td><span data-path-to-node=\"2,3,1,0\">Canopla para Lustre e Spot<\/span><\/td>\n<td><span data-path-to-node=\"2,3,2,0\">Cromada<\/span><\/td>\n<td><span data-path-to-node=\"2,3,3,0\">9405.19.90<\/span><\/td>\n<td><span data-path-to-node=\"2,3,4,0\">7898112191500<\/span><\/td>\n<\/tr>\n<\/tbody>\n<\/table>\n<p>Di\u00e2metro 11 cm<\/p>\n","protected":false},"excerpt":{"rendered":"<p>CANOPLA PARA LUSTRE C\u00f3digo Descri\u00e7\u00e3o do Produto Cor NCM C\u00f3digo de Barras BSB Canopla para Lustre e Spot Branca 9405.19.90 7898112190534 BSP Canopla para Lustre e Spot Preta 9405.19.90 7898112190572 BSC Canopla para Lustre e Spot Cromada 9405.19.90 7898112191500 Di\u00e2metro 11 cm<\/p>\n","protected":false},"featured_media":4715,"template":"","meta":[],"product_brand":[],"product_cat":[343,15],"product_tag":[413,415,414],"class_list":{"0":"post-4714","1":"product","2":"type-product","3":"status-publish","4":"has-post-thumbnail","6":"product_cat-canoplas","7":"product_cat-marcai","8":"product_tag-canopla","9":"product_tag-canopla-marcai","10":"product_tag-canopla-para-lustre","12":"first","13":"instock","14":"shipping-taxable","15":"product-type-simple"},"_links":{"self":[{"href":"https:\/\/marcai.com.br\/catalogo\/wp-json\/wp\/v2\/product\/4714","targetHints":{"allow":["GET"]}}],"collection":[{"href":"https:\/\/marcai.com.br\/catalogo\/wp-json\/wp\/v2\/product"}],"about":[{"href":"https:\/\/marcai.com.br\/catalogo\/wp-json\/wp\/v2\/types\/product"}],"wp:featuredmedia":[{"embeddable":true,"href":"https:\/\/marcai.com.br\/catalogo\/wp-json\/wp\/v2\/media\/4715"}],"wp:attachment":[{"href":"https:\/\/marcai.com.br\/catalogo\/wp-json\/wp\/v2\/media?parent=4714"}],"wp:term":[{"taxonomy":"product_brand","embeddable":true,"href":"https:\/\/marcai.com.br\/catalogo\/wp-json\/wp\/v2\/product_brand?post=4714"},{"taxonomy":"product_cat","embeddable":true,"href":"https:\/\/marcai.com.br\/catalogo\/wp-json\/wp\/v2\/product_cat?post=4714"},{"taxonomy":"product_tag","embeddable":true,"href":"https:\/\/marcai.com.br\/catalogo\/wp-json\/wp\/v2\/product_tag?post=4714"}],"curies":[{"name":"wp","href":"https:\/\/api.w.org\/{rel}","templated":true}]}}