{"id":4717,"date":"2026-02-14T11:25:42","date_gmt":"2026-02-14T14:25:42","guid":{"rendered":"https:\/\/marcai.com.br\/catalogo\/?post_type=product&#038;p=4717"},"modified":"2026-02-14T11:27:07","modified_gmt":"2026-02-14T14:27:07","slug":"canopla-2-e-3-furos","status":"publish","type":"product","link":"https:\/\/marcai.com.br\/catalogo\/produto\/canopla-2-e-3-furos\/","title":{"rendered":"Canopla 2 e 3 Furos"},"content":{"rendered":"<h3>CANOPLA 2 E 3 FUROS<\/h3>\n<table style=\"height: 209px;\" width=\"755\" data-path-to-node=\"2\">\n<thead>\n<tr>\n<td><strong>SKU \/ C\u00f3digo<\/strong><\/td>\n<td><strong>Descri\u00e7\u00e3o do Produto<\/strong><\/td>\n<td><strong>NCM<\/strong><\/td>\n<td><strong>C\u00f3digo de Barras (EAN)<\/strong><\/td>\n<\/tr>\n<\/thead>\n<tbody>\n<tr>\n<td><span data-path-to-node=\"2,1,0,0\"><b data-path-to-node=\"2,1,0,0\" data-index-in-node=\"0\">BSB2<\/b><\/span><\/td>\n<td><span data-path-to-node=\"2,1,1,0\">Canopla para Lustre e Spot 2 furos &#8211; Branca<\/span><\/td>\n<td><span data-path-to-node=\"2,1,2,0\">9405.19.90\u00a0<\/span><\/td>\n<td><span data-path-to-node=\"2,1,3,0\">7898112194006<\/span><\/td>\n<\/tr>\n<tr>\n<td><span data-path-to-node=\"2,2,0,0\"><b data-path-to-node=\"2,2,0,0\" data-index-in-node=\"0\">BSP2<\/b><\/span><\/td>\n<td><span data-path-to-node=\"2,2,1,0\">Canopla para Lustre e Spot 2 furos &#8211; Preta<\/span><\/td>\n<td><span data-path-to-node=\"2,2,2,0\">9405.19.90<\/span><\/td>\n<td><span data-path-to-node=\"2,2,3,0\">7898112194013<\/span><\/td>\n<\/tr>\n<tr>\n<td><span data-path-to-node=\"2,3,0,0\"><b data-path-to-node=\"2,3,0,0\" data-index-in-node=\"0\">BSC2<\/b><\/span><\/td>\n<td><span data-path-to-node=\"2,3,1,0\">Canopla para Lustre e Spot 2 furos &#8211; Cromada<\/span><\/td>\n<td><span data-path-to-node=\"2,3,2,0\">9405.19.90<\/span><\/td>\n<td><span data-path-to-node=\"2,3,3,0\">7898112194020<\/span><\/td>\n<\/tr>\n<tr>\n<td><span data-path-to-node=\"2,4,0,0\"><b data-path-to-node=\"2,4,0,0\" data-index-in-node=\"0\">BSB3<\/b><\/span><\/td>\n<td><span data-path-to-node=\"2,4,1,0\">Canopla para Lustre e Spot 3 furos &#8211; Branca<\/span><\/td>\n<td><span data-path-to-node=\"2,4,2,0\">9405.19.90<\/span><\/td>\n<td><span data-path-to-node=\"2,4,3,0\">7898112194037<\/span><\/td>\n<\/tr>\n<tr>\n<td><span data-path-to-node=\"2,5,0,0\"><b data-path-to-node=\"2,5,0,0\" data-index-in-node=\"0\">BSP3<\/b><\/span><\/td>\n<td><span data-path-to-node=\"2,5,1,0\">Canopla para Lustre e Spot 3 furos &#8211; Preta<\/span><\/td>\n<td><span data-path-to-node=\"2,5,2,0\">9405.19.90<\/span><\/td>\n<td><span data-path-to-node=\"2,5,3,0\">7898112194044<\/span><\/td>\n<\/tr>\n<tr>\n<td><span data-path-to-node=\"2,6,0,0\"><b data-path-to-node=\"2,6,0,0\" data-index-in-node=\"0\">BSC3<\/b><\/span><\/td>\n<td><span data-path-to-node=\"2,6,1,0\">Canopla para Lustre e Spot 3 furos &#8211; Cromada<\/span><\/td>\n<td><span data-path-to-node=\"2,6,2,0\">9405.19.90<\/span><\/td>\n<td><span data-path-to-node=\"2,6,3,0\">7898112194051<\/span><\/td>\n<\/tr>\n<\/tbody>\n<\/table>\n<p>UNIT\u00c1RIO.<\/p>\n","protected":false},"excerpt":{"rendered":"<p>CANOPLA 2 E 3 FUROS SKU \/ C\u00f3digo Descri\u00e7\u00e3o do Produto NCM C\u00f3digo de Barras (EAN) BSB2 Canopla para Lustre e Spot 2 furos &#8211; Branca 9405.19.90\u00a0 7898112194006 BSP2 Canopla para Lustre e Spot 2 furos &#8211; Preta 9405.19.90 7898112194013 BSC2 Canopla para Lustre e Spot 2 furos &#8211; Cromada 9405.19.90 7898112194020 BSB3 Canopla para [&hellip;]<\/p>\n","protected":false},"featured_media":4718,"template":"","meta":[],"product_brand":[],"product_cat":[343,15],"product_tag":[417,418,415,416],"class_list":{"0":"post-4717","1":"product","2":"type-product","3":"status-publish","4":"has-post-thumbnail","6":"product_cat-canoplas","7":"product_cat-marcai","8":"product_tag-canopla-2-furos","9":"product_tag-canopla-3-furos","10":"product_tag-canopla-marcai","11":"product_tag-capola","13":"first","14":"instock","15":"shipping-taxable","16":"product-type-simple"},"_links":{"self":[{"href":"https:\/\/marcai.com.br\/catalogo\/wp-json\/wp\/v2\/product\/4717","targetHints":{"allow":["GET"]}}],"collection":[{"href":"https:\/\/marcai.com.br\/catalogo\/wp-json\/wp\/v2\/product"}],"about":[{"href":"https:\/\/marcai.com.br\/catalogo\/wp-json\/wp\/v2\/types\/product"}],"wp:featuredmedia":[{"embeddable":true,"href":"https:\/\/marcai.com.br\/catalogo\/wp-json\/wp\/v2\/media\/4718"}],"wp:attachment":[{"href":"https:\/\/marcai.com.br\/catalogo\/wp-json\/wp\/v2\/media?parent=4717"}],"wp:term":[{"taxonomy":"product_brand","embeddable":true,"href":"https:\/\/marcai.com.br\/catalogo\/wp-json\/wp\/v2\/product_brand?post=4717"},{"taxonomy":"product_cat","embeddable":true,"href":"https:\/\/marcai.com.br\/catalogo\/wp-json\/wp\/v2\/product_cat?post=4717"},{"taxonomy":"product_tag","embeddable":true,"href":"https:\/\/marcai.com.br\/catalogo\/wp-json\/wp\/v2\/product_tag?post=4717"}],"curies":[{"name":"wp","href":"https:\/\/api.w.org\/{rel}","templated":true}]}}